t q(z) be the third derivative of z**4/24 - 2*z**3/3 - z**2. Let u(c) = -c - 1. Let a(g) = g + 1. Let s(h) = a(h) + 2*u(h). Let v be s(-4). What is q(v)?
-1
Let n be (2 + -5 + 7)/1. Suppose 2*m = -2*p - 0*p + n, 4*p + 3*m = 8. Let o(w) = -2*w**3 - w - 2. What is o(p)?
-20
Let i(y) = 61*y - 4 - 4 - 58*y. Determine i(4).
4
Let l(r) = r**2 - 2*r - 6. Let w be (-4 - -3) + 0 + -6 + 10. Calculate l(w).
-3
Let o(i) = 20*i**2 - 9. Let a(u) = 11*u**2 - 5. Let d(q) = -11*a(q) + 6*o(q). Let y be (-105)/(-10) + (-1)/2. Let x be y/(-14) - 14/49. Determine d(x).
0
Let n(c) be the third derivative of -c**6/120 + c**5/10 + c**4/12 - c**3 + 57*c**2 + 2*c. Let d(k) = 2*k - 4. Let p be d(5). Calculate n(p).
6
Let n be (-35)/42 - (-70)/12. Let o(d) be the first derivative of -5/2*d**2 - n*d + 9 + 1/3*d**3. Give o(5).
-5
Suppose -2*h + 134 = 2*y, 4*h - y - 189 = h. Let j be h/10 + 8/(-20). Let o(f) = -j - 5*f**3 - 3*f**3 + 5. Calculate o(1).
-9
Let m(j) = j - 4. Let g(t) = 2*t**3 + 2*t**2 - t + 2. Let h(p) = -p**2. Let c(f) = g(f) + 4*h(f). Let k be c(2). Determine m(k).
4
Let r(z) = -3*z**3 + 2*z**3 - z + 0*z**3. Suppose 6 = 4*g - 2*v, 0 = -g + 3*v + 23 - 19. Determine r(g).
-2
Let z(d) = -5*d**2 - 95*d + 89. Let p be z(-20). Let j(n) = n**3 + 10*n**2 - 10*n + 12. What is j(p)?
1
Let j(s) = -1 - 2*s + 3*s - 2*s. Let p be ((-1)/(-9)*3)/((-4)/(-60)). Suppose 5*g - 5*h - 14 = 4*g, p*h + 38 = -3*g. Determine j(g).
5
Let o(x) = -x - 11. Let y(m) = m + 12. Let l(d) = -3*o(d) - 2*y(d). Let b be 4/16 - (-1)/(-4). Calculate l(b).
9
Let p(g) = 5*g - 18. Let m be p(3). Let x(w) = -w**3 - 2*w**2 - 4*w - 2. Determine x(m).
19
Let s(a) be the first derivative of -a**2/2 + 10*a - 5. Suppose -5*c + 4*k - 28 = 0, 3*k - 23 = c + 3*c. What is s(c)?
18
Let a(o) = 15*o + 5. Suppose 4*n = 2*u - 24, 0 = -n - 5*u - 2 - 4. Let k be (-2 + 0)/(5/((-75)/6)). Let d(v) = 14*v + 4. Let i(t) = k*a(t) + n*d(t). Give i(1).
-8
Let o(a) = -a + 4. Let j = -52 - -42. Give o(j).
14
Let z(y) = y**3 + 5*y**2 - 2*y - 5. Let t be z(-5). Let m(u) = u**2 - 6*u + 7. What is m(t)?
2
Suppose -4*o + 4 = -2*o. Let t(u) = -6*u**2 + 10*u**2 + 4 + o*u - 2 - u**3. Let j = 7 + -3. Determine t(j).
10
Let t = 407 + -407. Let o(f) = f**3 - f**2 - 41. Determine o(t).
-41
Let g(t) be the first derivative of t**7/840 + t**6/40 + t**5/15 + t**4/12 + 50*t**3/3 + 9. Let k(u) be the third derivative of g(u). What is k(-8)?
2
Let r(c) = -11*c**3 - 17*c**2 - c + 6. Let t(y) = -y**3 - 3*y**2 + 1. Let g(h) = -r(h) + 6*t(h). Calculate g(1).
5
Suppose -167 = -4*z - 179. Let g(m) = m**2 + 4*m + 5. Let k(w) = -1. Let q(p) = -g(p) - 5*k(p). What is q(z)?
3
Let h(w) = -w + 1. Let g(b) = -5*b + 1. Let t(q) = -g(q) + h(q). Let y(c) = -4*c + 14. Let a be y(3). Let z be a + 2 + 2/(-2 - -1). Give t(z).
8
Let u(k) = 3*k**2. Let o(h) = 20*h + 22. Let m be o(-1). What is u(m)?
12
Let m(i) = -4 - 19*i + 0 + 8*i + 10*i - 4. What is m(5)?
-13
Let i(j) = -2 + 9*j + 8 - 7 + 0 + 0. Suppose -2*h = -4*v + 28, h = -0*h - v + 1. Let u be (-1)/h*(1 + 3). Determine i(u).
8
Let m(p) = 2*p**2 + 4*p + 3. Let h be m(-2). Let k(z) = -27*z + 58*z - 1 - 29*z. What is k(h)?
5
Let i = -1939 + 1944. Let z(s) = s**3 - 5*s**2 - s + 3. Determine z(i).
-2
Let q(w) = -2*w + 3. Let u(j) = j - 13. Let p be u(10). Let m(b) = 6*b - 1. Let d(z) = -z. Let n(v) = -5*d(v) - m(v). Let s(a) = p*q(a) + 5*n(a). Give s(6).
2
Let x(i) be the third derivative of -i**6/120 + i**5/60 + i**4/24 - i**3/2 - 2*i**2 - 48*i. Determine x(3).
-18
Let w(a) = -15*a**2 + 0*a**2 + 7*a**2 - 3*a + 3 + 7*a**2. Give w(-5).
-7
Let m(x) be the first derivative of x**3/3 + 3*x**2 - 6*x - 4. Suppose -2*v - 5*b = 1 + 33, 5*b = 5*v + 15. Determine m(v).
1
Let s(n) = -n - 1. Suppose -2*r - 2*r = -3*k - 13, -2*r + 2*k = -8. Let w(d) = d - 7. Let x(g) = r*w(g) - 3*s(g). What is x(3)?
8
Let v(w) = 8*w + 4. Let y(h) = h**3 + 17*h**2 + 33*h + 52. Let z be y(-15). What is v(z)?
60
Let k(g) = g**3 + 7*g**2 + 3*g + 6. Let y = 652 + -659. Calculate k(y).
-15
Let z be 0/((-3)/15 + 22/10). Let r(f) = f**2 - f - 8. Let i(b) = 1. Let u(s) = -2*i(s) - r(s). Give u(z).
6
Let z(u) = 10*u**2 + u. Suppose 3*a = 4*x + 7, -5*x + 5*a - 2 = 3. Let q be (-6)/(-21) + x/14. Suppose q = -4*f + 2 - 6. Calculate z(f).
9
Let x(o) be the second derivative of 0 + 1/60*o**5 - o**2 + 1/4*o**4 + 1/2*o**3 - 2*o. Let w(g) be the first derivative of x(g). Give w(-6).
3
Let f = 15 - 17. Let i be (f/(-6))/((-2)/(-84)). Let t be i/(-1)*5/10. Let j(c) = c**3 + 6*c**2 - 7*c + 2. Determine j(t).
2
Let k(f) = -f**2 - 8*f - 7. Let z be k(-5). Let n(r) = r**2 + 13*r - 6*r - z - 2. Let g(x) = -x**3 - 35*x**2 - 301*x + 83. Let a be g(-18). Give n(a).
-10
Let w(u) be the first derivative of -2*u**2 - 2*u + 788. Let n(l) = -l**2 + 3*l - 3. Let y be n(3). What is w(y)?
10
Let v(h) = -h + 15. Let g be v(8). Let z(w) = -w**2. Let b(s) = -s**3 + 6*s**2 - 9*s + 9. Let l(c) = -b(c) + 2*z(c). Calculate l(g).
5
Let f(r) be the third derivative of -3*r**5/10 - r**3/6 - 7*r**2 + 5*r. Determine f(1).
-19
Suppose 14*n = 13*n. Let a(h) = -h**3 - 6*h**2 + 2. Let w be a(-6). Let g(f) = f - 3*f**w + f**3 + n*f**3 + 2 + 0*f. What is g(3)?
5
Let r(u) = -8*u**2 + 102*u - 330. Let n be r(6). Let z(w) = 0*w - 7*w**2 - w**3 - 9 + 2 - 7*w. Give z(n).
-1
Let z(y) = -2*y - 1. Let a be 1160/15 + (-4)/(-6). Suppose -5*x + 86 = 4*p, -2*p + a = 4*x + x. Suppose -10 = -2*t - x. Calculate z(t).
3
Let y be ((-30)/(-20))/((-3)/2). Let u(s) = -10*s**3 - s**2 - 2*s - 1. Determine u(y).
10
Suppose y - 46 = -2*y - w, -5*y = -5*w - 90. Let i(b) = -b + 21. Give i(y).
5
Let u(c) be the third derivative of -c**5/60 + 7*c**4/12 + 19*c**3/3 + 2*c**2 + 49. What is u(16)?
6
Let m = 32 + -29. Let a(d) = -71*d**3 + 5*d**2 + 8*d + 3 - 3*d + 70*d**m + 3. Let i(s) = -s**3 - 5*s**2 - s + 1. Let j be i(-5). What is a(j)?
0
Let w be 2 - 0/(-3) - -1. Suppose 5*b = w*b. Let z(g) be the third derivative of -g**6/120 - g**4/24 - 5*g**3/6 + g**2. Determine z(b).
-5
Suppose 0 = 4*f + 3*m - 2*m + 7, -3*f + 4*m = 29. Let d = 1 - f. Let i be ((-40)/d)/(-2) + -2. Let p(k) = -k**2 + k + 1. What is p(i)?
-5
Let k(n) = -6*n + 1. Let i be -2 - (-15)/(-3)*-1. Suppose 4*v + i = -1. Calculate k(v).
7
Let p(l) = l + 7. Let v = -124 - -127. Determine p(v).
10
Let p(j) = -2*j**2 + 14*j. Let u(b) = b**2 - 7*b. Let g(z) = -3*p(z) - 7*u(z). Calculate g(6).
6
Let l(x) = -x - 2. Suppose s + 2*d + 2 = -0*d, 0 = -2*s - d + 5. Suppose s*w - 7*w - 12 = 0. Let r be (w/2 + 2)*-1. Calculate l(r).
-2
Let y(q) = -q**3 - 5*q**2 - 6*q - 6. Let o be y(-4). Suppose 4*k + 28 = -o*z, 3*k + 2*z - 5*z = -12. Let c(n) = -3*n + 2 - 11 + 0*n. What is c(k)?
9
Suppose 6 = -o + 15. Let a(d) = d**2 - 7*d - 11. Determine a(o).
7
Let d be 3 - (-5 - 20)/(-5). Let h(p) = -2 - 3*p + 2 - 1 - 3*p**2 + 0. What is h(d)?
-7
Let j(t) = t + 8. Let z be j(-8). Suppose -3*i + 5*a + 8 = 0, 2*i + 4*a + 4 + 20 = z. Let d(b) = b - 4. Determine d(i).
-8
Let m = 22 + -14. Suppose 5*n + 4*i - 35 = i, 4*n - 5*i = -9. Suppose -j - 40 = 5*o - 2*j, o - n*j + m = 0. Let l(d) = -d - 7. Give l(o).
1
Let l(x) = x**2 + x - 1. Let c(i) = i**2 + 5*i + 5. Let s be (8/(-5))/((-4)/(-10)). Let z be c(s). Calculate l(z).
1
Let y be (-5 + 7)*(-18)/12. Let p(b) = b**2 + 3*b - 1. Calculate p(y).
-1
Let j(c) = -40*c + 9*c + 0*c**2 + 8 + c**2 + 42*c. What is j(-10)?
-2
Suppose 3*w - 2 = w. Let o(i) = 5*i**3 - i**2 + i - 1. Let v be o(w). Suppose 2*x = -2*l - v, -x + 2 + 0 = -3*l. Let q(m) = -m - 1. What is q(x)?
0
Let r(f) = -f**2 - 6*f - 5. Let y = -126 - -138. Let d(p) = 3*p - 3. Let v be d(-5). Let l = y + v. What is r(l)?
-5
Let t = 10 - 4. Let z = 1 + 2. Let u(y) = -3*y - y**z + 4*y**2 - 2*y - 4 + t*y + 3*y. Determine u(4).
12
Let t be -2 + 3 - (-11 + 7). Suppose 2*b = 6*b - 5*j + 5, 5 = t*b - 4*j. Suppose 3 = -b*p + 8. Let m(s) = 4*s**2 - s. What is m(p)?
3
Let u(d) = d**2 + d - 3. Let p(y) = -2*y**2 - 3*y + 5. Let r(i) = 4*p(i) + 7*u(i). Let g(z) = -z**3 - 8*z**2. Let v be g(-8). Let w = -4 - v. Calculate r(w).
3
Let i(k) be the first derivative of k**2/2 - 11*k + 3. Let z be i(13). Let b(p) = -3 - 5*p**z + 0 + 0*p**3 - 6*p + p**3. Give b(6).
-3
Let b(n) = -16*n - 8. Let h = 55 - 59. Let j(o) = -7*o - 4. Let p(a) = h*b(a) + 9*j(a). Determine p(3).
-1
Suppose -3*n + 2*n + 38 = 0. Suppose -